{"id":12182,"date":"2016-12-09T10:24:12","date_gmt":"2021-11-26T14:11:06","guid":{"rendered":"https:\/\/www.rehafit.ch\/produkt\/chaise-de-douche-dubastar-avec-accoudoirs-et-dossier\/"},"modified":"2021-11-26T14:18:18","modified_gmt":"2021-11-26T14:18:18","slug":"chaise-de-douche-dubastar-avec-dossier","status":"publish","type":"product","link":"https:\/\/www.rehafit.ch\/fr\/Produit\/chaise-de-douche-dubastar-avec-dossier\/","title":{"rendered":"Chaise de douche DuBaStar avec accoudoirs et dossier"},"content":{"rendered":"<div class=\"text_allg\" align=\"left\">avec d\u00e9coupe intime<br \/>\navec accoudoirs<br \/>\nquatre fois r\u00e9glable en hauteur<\/p>\n<ul class=\"text_allg\">\n<li>Cadre en aluminium enduit de poudre<\/li>\n<li>Vis en acier V 2 A<\/li>\n<li>plastique facile d&rsquo;entretien<\/li>\n<li>avec d\u00e9coupe intime<\/li>\n<li>tr\u00e8s stable<\/li>\n<li>Largeur: 53cm<\/li>\n<li>Profondeur: 53cm<\/li>\n<li>Hauteur d&rsquo;assise: 46-53cm<\/li>\n<li>Si\u00e8ge: 40x40cm<\/li>\n<li>avec d\u00e9coupe intime<\/li>\n<li>Poids: 3.4kg<\/li>\n<li>Capacit\u00e9 de charge 120kg<\/li>\n<li>Couleur blanche<\/li>\n<\/ul>\n<\/div>\n","protected":false},"excerpt":{"rendered":"<p><img loading=\"lazy\" decoding=\"async\" class=\"alignnone size-full wp-image-246\" src=\"https:\/\/www.rehafit.ch\/wp-content\/uploads\/2016\/12\/meyralogo.jpg\" alt=\"meyralogo\" width=\"131\" height=\"40\"><span class=\"text_allg\"><b><br \/>\nMEYRA aides quotidiennes<\/b><\/span><\/p>\n<p>Cette aide peut \u00eatre une personne diff\u00e9rente. Ou un produit pens\u00e9 et adapt\u00e9 \u00e0 vos besoins individuels.<\/p>\n<p>MEYRA vend de tels produits. Des produits pour tous les domaines de la vie quotidienne: des \u00e9l\u00e9vateurs de bain aux aides novatrices pour les loisirs et le travail.<\/p>\n","protected":false},"featured_media":0,"comment_status":"open","ping_status":"closed","template":"","meta":{"kt_blocks_editor_width":""},"product_brand":[],"product_cat":[135],"product_tag":[],"class_list":{"0":"post-12182","1":"product","2":"type-product","3":"status-publish","5":"product_cat-siege-de-douche","7":"first","8":"outofstock","9":"taxable","10":"shipping-taxable","11":"purchasable","12":"product-type-simple"},"aioseo_notices":[],"_links":{"self":[{"href":"https:\/\/www.rehafit.ch\/fr\/wp-json\/wp\/v2\/product\/12182","targetHints":{"allow":["GET"]}}],"collection":[{"href":"https:\/\/www.rehafit.ch\/fr\/wp-json\/wp\/v2\/product"}],"about":[{"href":"https:\/\/www.rehafit.ch\/fr\/wp-json\/wp\/v2\/types\/product"}],"replies":[{"embeddable":true,"href":"https:\/\/www.rehafit.ch\/fr\/wp-json\/wp\/v2\/comments?post=12182"}],"wp:attachment":[{"href":"https:\/\/www.rehafit.ch\/fr\/wp-json\/wp\/v2\/media?parent=12182"}],"wp:term":[{"taxonomy":"product_brand","embeddable":true,"href":"https:\/\/www.rehafit.ch\/fr\/wp-json\/wp\/v2\/product_brand?post=12182"},{"taxonomy":"product_cat","embeddable":true,"href":"https:\/\/www.rehafit.ch\/fr\/wp-json\/wp\/v2\/product_cat?post=12182"},{"taxonomy":"product_tag","embeddable":true,"href":"https:\/\/www.rehafit.ch\/fr\/wp-json\/wp\/v2\/product_tag?post=12182"}],"curies":[{"name":"wp","href":"https:\/\/api.w.org\/{rel}","templated":true}]}}

<div class="text_allg" align="left">avec découpe intime<br />
avec accoudoirs<br />
quatre fois réglable en hauteur</p>
<ul class="text_allg">
<li>Cadre en aluminium enduit de poudre</li>
<li>Vis en acier V 2 A</li>
<li>plastique facile d&rsquo;entretien</li>
<li>avec découpe intime</li>
<li>très stable</li>
<li>Largeur: 53cm</li>
<li>Profondeur: 53cm</li>
<li>Hauteur d&rsquo;assise: 46-53cm</li>
<li>Siège: 40x40cm</li>
<li>avec découpe intime</li>
<li>Poids: 3.4kg</li>
<li>Capacité de charge 120kg</li>
<li>Couleur blanche</li>
</ul>
</div>

<p><img loading="lazy" decoding="async" class="alignnone size-full wp-image-246" src="https://www.rehafit.ch/wp-content/uploads/2016/12/meyralogo.jpg" alt="meyralogo" width="131" height="40"><span class="text_allg"><b><br />
MEYRA aides quotidiennes</b></span></p>
<p>Cette aide peut être une personne différente. Ou un produit pensé et adapté à vos besoins individuels.</p>
<p>MEYRA vend de tels produits. Des produits pour tous les domaines de la vie quotidienne: des élévateurs de bain aux aides novatrices pour les loisirs et le travail.</p>
