{"id":12122,"date":"2016-12-04T15:12:45","date_gmt":"2021-11-23T16:58:04","guid":{"rendered":"https:\/\/www.rehafit.ch\/produkt\/siege-de-douche-rabattable\/"},"modified":"2021-11-23T16:58:04","modified_gmt":"2021-11-23T16:58:04","slug":"siege-de-douche-mural","status":"publish","type":"product","link":"https:\/\/www.rehafit.ch\/fr\/Produit\/siege-de-douche-mural\/","title":{"rendered":"Si\u00e8ge de douche rabattable"},"content":{"rendered":"<p><img loading=\"lazy\" decoding=\"async\" class=\"alignnone wp-image-12123\" src=\"https:\/\/www.rehafit.ch\/wp-content\/uploads\/2016\/12\/PR-WS-PP-BX_PR-WS-PP-CH_drawing-scaled.jpg\" alt=\"\" width=\"201\" height=\"101\" srcset=\"https:\/\/www.rehafit.ch\/wp-content\/uploads\/2016\/12\/PR-WS-PP-BX_PR-WS-PP-CH_drawing-scaled.jpg 2560w, https:\/\/www.rehafit.ch\/wp-content\/uploads\/2016\/12\/PR-WS-PP-BX_PR-WS-PP-CH_drawing-300x151.jpg 300w, https:\/\/www.rehafit.ch\/wp-content\/uploads\/2016\/12\/PR-WS-PP-BX_PR-WS-PP-CH_drawing-768x387.jpg 768w, https:\/\/www.rehafit.ch\/wp-content\/uploads\/2016\/12\/PR-WS-PP-BX_PR-WS-PP-CH_drawing-1024x516.jpg 1024w\" sizes=\"auto, (max-width: 201px) 100vw, 201px\" \/><\/p>\n<div class=\"text_allg\" align=\"left\">\n<ul class=\"text-allg\">\n<li>Max. Capacit\u00e9 de charge: 130kg<\/li>\n<li>Couleur blanche<\/li>\n<\/ul>\n<\/div>\n","protected":false},"excerpt":{"rendered":"<p><img loading=\"lazy\" decoding=\"async\" class=\"alignnone size-full wp-image-817\" src=\"https:\/\/www.rehafit.ch\/wp-content\/uploads\/2016\/12\/k-design-1.jpg\" alt=\"\" width=\"181\" height=\"84\"><\/p>\n<p><span class=\"text_allg\"><b><span class=\"text_allg\">Les produits de K-Design d&rsquo;Italie impressionnent par leur confort, leur design et leur s\u00e9curit\u00e9 dans la salle de bain.<\/span><\/b><\/span><\/p>\n<p>Les formes et les mat\u00e9riaux utilis\u00e9s ont abouti \u00e0 un produit qui, d&rsquo;une part, impressionne par son confort et sa s\u00e9curit\u00e9 dans la zone humide et repr\u00e9sente en m\u00eame temps un produit design.<\/p>\n","protected":false},"featured_media":0,"comment_status":"open","ping_status":"closed","template":"","meta":{"kt_blocks_editor_width":""},"product_brand":[],"product_cat":[133],"product_tag":[],"class_list":{"0":"post-12122","1":"product","2":"type-product","3":"status-publish","5":"product_cat-siege-de-douche-mural","7":"first","8":"instock","9":"taxable","10":"shipping-taxable","11":"purchasable","12":"product-type-simple"},"aioseo_notices":[],"_links":{"self":[{"href":"https:\/\/www.rehafit.ch\/fr\/wp-json\/wp\/v2\/product\/12122","targetHints":{"allow":["GET"]}}],"collection":[{"href":"https:\/\/www.rehafit.ch\/fr\/wp-json\/wp\/v2\/product"}],"about":[{"href":"https:\/\/www.rehafit.ch\/fr\/wp-json\/wp\/v2\/types\/product"}],"replies":[{"embeddable":true,"href":"https:\/\/www.rehafit.ch\/fr\/wp-json\/wp\/v2\/comments?post=12122"}],"wp:attachment":[{"href":"https:\/\/www.rehafit.ch\/fr\/wp-json\/wp\/v2\/media?parent=12122"}],"wp:term":[{"taxonomy":"product_brand","embeddable":true,"href":"https:\/\/www.rehafit.ch\/fr\/wp-json\/wp\/v2\/product_brand?post=12122"},{"taxonomy":"product_cat","embeddable":true,"href":"https:\/\/www.rehafit.ch\/fr\/wp-json\/wp\/v2\/product_cat?post=12122"},{"taxonomy":"product_tag","embeddable":true,"href":"https:\/\/www.rehafit.ch\/fr\/wp-json\/wp\/v2\/product_tag?post=12122"}],"curies":[{"name":"wp","href":"https:\/\/api.w.org\/{rel}","templated":true}]}}

Siège de douche rabattable

<p><img loading="lazy" decoding="async" class="alignnone wp-image-12123" src="https://www.rehafit.ch/wp-content/uploads/2016/12/PR-WS-PP-BX_PR-WS-PP-CH_drawing-scaled.jpg" alt="" width="201" height="101" srcset="https://www.rehafit.ch/wp-content/uploads/2016/12/PR-WS-PP-BX_PR-WS-PP-CH_drawing-scaled.jpg 2560w, https://www.rehafit.ch/wp-content/uploads/2016/12/PR-WS-PP-BX_PR-WS-PP-CH_drawing-300x151.jpg 300w, https://www.rehafit.ch/wp-content/uploads/2016/12/PR-WS-PP-BX_PR-WS-PP-CH_drawing-768x387.jpg 768w, https://www.rehafit.ch/wp-content/uploads/2016/12/PR-WS-PP-BX_PR-WS-PP-CH_drawing-1024x516.jpg 1024w" sizes="auto, (max-width: 201px) 100vw, 201px" /></p>
<div class="text_allg" align="left">
<ul class="text-allg">
<li>Max. Capacité de charge: 130kg</li>
<li>Couleur blanche</li>
</ul>
</div>

<p><img loading="lazy" decoding="async" class="alignnone size-full wp-image-817" src="https://www.rehafit.ch/wp-content/uploads/2016/12/k-design-1.jpg" alt="" width="181" height="84"></p>
<p><span class="text_allg"><b><span class="text_allg">Les produits de K-Design d&rsquo;Italie impressionnent par leur confort, leur design et leur sécurité dans la salle de bain.</span></b></span></p>
<p>Les formes et les matériaux utilisés ont abouti à un produit qui, d&rsquo;une part, impressionne par son confort et sa sécurité dans la zone humide et représente en même temps un produit design.</p>
