{"id":12115,"date":"2016-12-04T22:00:10","date_gmt":"2021-11-23T16:56:42","guid":{"rendered":"https:\/\/www.rehafit.ch\/produkt\/chaise-de-douche-dubastar-avec-accoudoirs\/"},"modified":"2024-11-05T00:40:19","modified_gmt":"2024-11-05T00:40:19","slug":"chaise-de-douche-dubastar-avec-accoudoirs","status":"publish","type":"product","link":"https:\/\/www.rehafit.ch\/fr\/Produit\/chaise-de-douche-dubastar-avec-accoudoirs\/","title":{"rendered":"Chaise de douche DuBaStar avec accoudoirs"},"content":{"rendered":"<p>avec d\u00e9coupe intime<br \/>\navec accoudoirs<br \/>\nquatre fois r\u00e9glable en hauteur<\/p>\n<div class=\"text_allg\" align=\"left\">\n<ul class=\"text_allg\">\n<li>Largeur: 53cm<\/li>\n<li>Profondeur: 44cm<\/li>\n<li>Hauteur: 65-72cm<\/li>\n<li>Hauteur d&rsquo;assise: 46-53cm<\/li>\n<li>Si\u00e8ge: 40x40cm<\/li>\n<li>Hauteur des accoudoirs:17.5cm<\/li>\n<li>avec d\u00e9coupe intime<\/li>\n<li>Poids: 2.6kg<\/li>\n<li>Capacit\u00e9 de charge 120kg<\/li>\n<\/ul>\n<\/div>\n","protected":false},"excerpt":{"rendered":"<p><img loading=\"lazy\" decoding=\"async\" class=\"alignnone size-full wp-image-246\" src=\"https:\/\/www.rehafit.ch\/wp-content\/uploads\/2016\/12\/meyralogo.jpg\" alt=\"meyralogo\" width=\"131\" height=\"40\"><span class=\"text_allg\"><b><br \/>\nMEYRA aides quotidiennes<\/b><\/span><\/p>\n<p>Cette aide peut \u00eatre une personne diff\u00e9rente. Ou un produit pens\u00e9 et adapt\u00e9 \u00e0 vos besoins individuels.<\/p>\n<p>MEYRA vend de tels produits. Des produits pour tous les domaines de la vie quotidienne: des \u00e9l\u00e9vateurs de bain aux aides novatrices pour les loisirs et le travail.<\/p>\n","protected":false},"featured_media":1003,"comment_status":"open","ping_status":"closed","template":"","meta":{"kt_blocks_editor_width":""},"product_brand":[],"product_cat":[135],"product_tag":[],"class_list":{"0":"post-12115","1":"product","2":"type-product","3":"status-publish","4":"has-post-thumbnail","6":"product_cat-siege-de-douche","8":"first","9":"outofstock","10":"taxable","11":"shipping-taxable","12":"purchasable","13":"product-type-simple"},"aioseo_notices":[],"_links":{"self":[{"href":"https:\/\/www.rehafit.ch\/fr\/wp-json\/wp\/v2\/product\/12115","targetHints":{"allow":["GET"]}}],"collection":[{"href":"https:\/\/www.rehafit.ch\/fr\/wp-json\/wp\/v2\/product"}],"about":[{"href":"https:\/\/www.rehafit.ch\/fr\/wp-json\/wp\/v2\/types\/product"}],"replies":[{"embeddable":true,"href":"https:\/\/www.rehafit.ch\/fr\/wp-json\/wp\/v2\/comments?post=12115"}],"wp:featuredmedia":[{"embeddable":true,"href":"https:\/\/www.rehafit.ch\/fr\/wp-json\/wp\/v2\/media\/1003"}],"wp:attachment":[{"href":"https:\/\/www.rehafit.ch\/fr\/wp-json\/wp\/v2\/media?parent=12115"}],"wp:term":[{"taxonomy":"product_brand","embeddable":true,"href":"https:\/\/www.rehafit.ch\/fr\/wp-json\/wp\/v2\/product_brand?post=12115"},{"taxonomy":"product_cat","embeddable":true,"href":"https:\/\/www.rehafit.ch\/fr\/wp-json\/wp\/v2\/product_cat?post=12115"},{"taxonomy":"product_tag","embeddable":true,"href":"https:\/\/www.rehafit.ch\/fr\/wp-json\/wp\/v2\/product_tag?post=12115"}],"curies":[{"name":"wp","href":"https:\/\/api.w.org\/{rel}","templated":true}]}}

<p>avec découpe intime<br />
avec accoudoirs<br />
quatre fois réglable en hauteur</p>
<div class="text_allg" align="left">
<ul class="text_allg">
<li>Largeur: 53cm</li>
<li>Profondeur: 44cm</li>
<li>Hauteur: 65-72cm</li>
<li>Hauteur d&rsquo;assise: 46-53cm</li>
<li>Siège: 40x40cm</li>
<li>Hauteur des accoudoirs:17.5cm</li>
<li>avec découpe intime</li>
<li>Poids: 2.6kg</li>
<li>Capacité de charge 120kg</li>
</ul>
</div>

<p><img loading="lazy" decoding="async" class="alignnone size-full wp-image-246" src="https://www.rehafit.ch/wp-content/uploads/2016/12/meyralogo.jpg" alt="meyralogo" width="131" height="40"><span class="text_allg"><b><br />
MEYRA aides quotidiennes</b></span></p>
<p>Cette aide peut être une personne différente. Ou un produit pensé et adapté à vos besoins individuels.</p>
<p>MEYRA vend de tels produits. Des produits pour tous les domaines de la vie quotidienne: des élévateurs de bain aux aides novatrices pour les loisirs et le travail.</p>
