{"id":11821,"date":"2017-02-11T16:10:03","date_gmt":"2021-11-21T23:01:35","guid":{"rendered":"https:\/\/www.rehafit.ch\/produkt\/bischoff-bischoff-alevo-carbon\/"},"modified":"2024-06-29T12:29:50","modified_gmt":"2024-06-29T12:29:50","slug":"bischoff-bischoff-alevo","status":"publish","type":"product","link":"https:\/\/www.rehafit.ch\/fr\/Produit\/bischoff-bischoff-alevo\/","title":{"rendered":"Bischoff &amp; Bischoff Alevo Carbon"},"content":{"rendered":"<table class=\"contenttable\" width=\"385\">\n<tbody>\n<tr>\n<td>Largeur x hauteur x profondeur :<\/td>\n<td>62,5 x 81-96 x 69 cm<\/td>\n<\/tr>\n<tr>\n<td>Zone d&rsquo;assise :<\/td>\n<td>44,5 x 22 cm<\/td>\n<\/tr>\n<tr>\n<td>Hauteur d&rsquo;assise :<\/td>\n<td>58,5 cm<\/td>\n<\/tr>\n<tr>\n<td rowspan=\"1\">Hauteur de la poign\u00e9e :<\/td>\n<td rowspan=\"1\">81 &#8211; 96 cm<\/td>\n<\/tr>\n<tr>\n<td rowspan=\"1\">Poids total:<\/td>\n<td rowspan=\"1\">5,8 kilogrammes<\/td>\n<\/tr>\n<tr>\n<td rowspan=\"1\">Max. Charge:<\/td>\n<td rowspan=\"1\">130kg<\/td>\n<\/tr>\n<tr>\n<td rowspan=\"1\">Mat\u00e9riel:<\/td>\n<td rowspan=\"1\">Carbone<\/td>\n<\/tr>\n<\/tbody>\n<\/table>\n","protected":false},"excerpt":{"rendered":"<h5><span class=\"text_allg\" style=\"font-size: small;\"><img loading=\"lazy\" decoding=\"async\" class=\"alignnone size-full wp-image-793\" src=\"https:\/\/www.rehafit.ch\/wp-content\/uploads\/2017\/02\/bb.jpg\" alt=\"\" width=\"150\" height=\"93\" srcset=\"https:\/\/www.rehafit.ch\/wp-content\/uploads\/2017\/02\/bb.jpg 150w, https:\/\/www.rehafit.ch\/wp-content\/uploads\/2017\/02\/bb-80x50.jpg 80w\" sizes=\"auto, (max-width: 150px) 100vw, 150px\" \/><\/span><\/h5>\n<p>Mit dem Alevo starten Sie in ein neues Zeitalter moderner Rollatoren.<br \/>\nD\u00e9velopp\u00e9 par Bischoff &amp; Bischoff, con\u00e7u par le \u00ab\u00a0Porsche Design Studio\u00a0\u00bb: L&rsquo;optique moderne rencontre un confort maximal.<br \/>\nGr\u00e2ce \u00e0 la mati\u00e8re carbone ultral\u00e9g\u00e8re, l&rsquo;Alevo ne p\u00e8se que 5,8 kilos !<\/p>\n<p>C&rsquo;est ce qui le rend si maniable et facile \u00e0 plier en un seul mouvement &#8211; debout !<\/p>\n<p><strong>Maintenant aussi avec une large sangle arri\u00e8re.<\/strong><\/p>\n","protected":false},"featured_media":1568,"comment_status":"open","ping_status":"closed","template":"","meta":{"kt_blocks_editor_width":""},"product_brand":[],"product_cat":[147,146],"product_tag":[],"class_list":{"0":"post-11821","1":"product","2":"type-product","3":"status-publish","4":"has-post-thumbnail","6":"product_cat-poids-leger","7":"product_cat-rollator","9":"first","10":"instock","11":"taxable","12":"shipping-taxable","13":"purchasable","14":"product-type-variable"},"aioseo_notices":[],"_links":{"self":[{"href":"https:\/\/www.rehafit.ch\/fr\/wp-json\/wp\/v2\/product\/11821","targetHints":{"allow":["GET"]}}],"collection":[{"href":"https:\/\/www.rehafit.ch\/fr\/wp-json\/wp\/v2\/product"}],"about":[{"href":"https:\/\/www.rehafit.ch\/fr\/wp-json\/wp\/v2\/types\/product"}],"replies":[{"embeddable":true,"href":"https:\/\/www.rehafit.ch\/fr\/wp-json\/wp\/v2\/comments?post=11821"}],"wp:featuredmedia":[{"embeddable":true,"href":"https:\/\/www.rehafit.ch\/fr\/wp-json\/wp\/v2\/media\/1568"}],"wp:attachment":[{"href":"https:\/\/www.rehafit.ch\/fr\/wp-json\/wp\/v2\/media?parent=11821"}],"wp:term":[{"taxonomy":"product_brand","embeddable":true,"href":"https:\/\/www.rehafit.ch\/fr\/wp-json\/wp\/v2\/product_brand?post=11821"},{"taxonomy":"product_cat","embeddable":true,"href":"https:\/\/www.rehafit.ch\/fr\/wp-json\/wp\/v2\/product_cat?post=11821"},{"taxonomy":"product_tag","embeddable":true,"href":"https:\/\/www.rehafit.ch\/fr\/wp-json\/wp\/v2\/product_tag?post=11821"}],"curies":[{"name":"wp","href":"https:\/\/api.w.org\/{rel}","templated":true}]}}

<table class="contenttable" width="385">
<tbody>
<tr>
<td>Largeur x hauteur x profondeur :</td>
<td>62,5 x 81-96 x 69 cm</td>
</tr>
<tr>
<td>Zone d&rsquo;assise :</td>
<td>44,5 x 22 cm</td>
</tr>
<tr>
<td>Hauteur d&rsquo;assise :</td>
<td>58,5 cm</td>
</tr>
<tr>
<td rowspan="1">Hauteur de la poignée :</td>
<td rowspan="1">81 &#8211; 96 cm</td>
</tr>
<tr>
<td rowspan="1">Poids total:</td>
<td rowspan="1">5,8 kilogrammes</td>
</tr>
<tr>
<td rowspan="1">Max. Charge:</td>
<td rowspan="1">130kg</td>
</tr>
<tr>
<td rowspan="1">Matériel:</td>
<td rowspan="1">Carbone</td>
</tr>
</tbody>
</table>

<h5><span class="text_allg" style="font-size: small;"><img loading="lazy" decoding="async" class="alignnone size-full wp-image-793" src="https://www.rehafit.ch/wp-content/uploads/2017/02/bb.jpg" alt="" width="150" height="93" srcset="https://www.rehafit.ch/wp-content/uploads/2017/02/bb.jpg 150w, https://www.rehafit.ch/wp-content/uploads/2017/02/bb-80x50.jpg 80w" sizes="auto, (max-width: 150px) 100vw, 150px" /></span></h5>
<p>Mit dem Alevo starten Sie in ein neues Zeitalter moderner Rollatoren.<br />
Développé par Bischoff &amp; Bischoff, conçu par le « Porsche Design Studio »: L&rsquo;optique moderne rencontre un confort maximal.<br />
Grâce à la matière carbone ultralégère, l&rsquo;Alevo ne pèse que 5,8 kilos !</p>
<p>C&rsquo;est ce qui le rend si maniable et facile à plier en un seul mouvement &#8211; debout !</p>
<p><strong>Maintenant aussi avec une large sangle arrière.</strong></p>
